s the value of 1 + 11 + (-5 - 8)?
-1
Calculate 14 - (-7 + 5 + 9 + (1 - 5)).
11
What is -1 + 1 + -55 + 43?
-12
-19 + 6 + 0 + 12
-1
25 + -23 + 41 - 21
22
What is the value of 5 - (-98 + 96 - (6 + 0))?
13
What is the value of -14 + (3 - -3) + -4?
-12
Calculate (13 - (16 - -1) - 10) + 4.
-10
18 + (-1 + -9 + 15 - (-5 + 13))
15
7 - 35 - (3 - 23)
-8
What is the value of 17 + -8 + (41 - 37)?
13
Evaluate 28 + -10 - (-1 + -9 + -85 + 106).
7
23 + (5 - 33) + (2 + -2 - -6)
1
What is the value of (-12 - (0 + -7)) + (29 - (-4 - -1))?
27
Evaluate (1 - -23) + -362 + 374 + -13.
23
-66 - -51 - ((-7 - -3) + 8)
-19
Calculate 2 + 4 + (4 - 4) - 13.
-7
0 - (-13 + 15 + -2)
0
(1 - (11 + -3 - 7)) + (6 - 12)
-6
Evaluate -6 - (0 - 0 - (-23 - (7 + -40))).
4
Evaluate (0 - -6 - 5 - 5) + (1 - 6).
-9
Calculate 234 - 215 - (14 - 3).
8
Evaluate (2 + -32 - (-48 - -59)) + 12.
-29
What is 0 + -30 + (-1909 - -1922)?
-17
Evaluate 1 - (22 - 1 - -1).
-21
Calculate 5 - (-17 - (1 + -13 - -3)).
13
What is (-52 - -4) + (-16 - 11 - -46)?
-29
Evaluate (4 - (7 + -7 - -1)) + 4.
7
Evaluate -8 + (-13 - (-35 + 5)) + -31.
-22
What is the value of (25 - (26 - 11)) + (7 - (7 + -3))?
13
Calculate -8 + 6 - 11 - (13 - 12).
-14
Calculate -2 + ((-3 - -3) + 5 - -3).
6
Evaluate 7 + (0 + 0 - 7 - (9 + -13)).
4
Evaluate (-23 - (-9 + -21)) + -8.
-1
What is -10 + -7 - (2 + -15 - -4)?
-8
Calculate 7 + (1 - 5) - (0 + -11 + 0).
14
What is the value of -12 + (-26 - -7 - -21) + 11?
1
Evaluate (-3 - (-1 + 5 - -1) - 0) + 8.
0
What is the value of (-31 - -24 - (1 + -8)) + -7 + 0?
-7
What is the value of (-22 - -4) + 7 + 1?
-10
What is 12 + (-20 - -12) - 5 - 0?
-1
Calculate (238 - 256) + (-4 - (-11 + -1)).
-10
What is the value of 0 + 0 + 23 + -208 + 83 + 135?
33
6 + (18 - 3) - -8 - (1 + 3)
25
What is -5 + 16 - (3 + -15 + -2)?
25
Evaluate (-11 - (-2 + 2) - -5 - -7) + -5.
-4
What is the value of (20 - 2) + 3 + -6 + (-57 - -49)?
7
What is the value of -5 + (0 - -1) - (381 - 374)?
-11
What is the value of (3 - (5 + (-9 - 2)) - 9) + -22?
-22
What is (5 - 15) + (11 - 7) - -6?
0
Evaluate -12 - -13 - 2 - 8.
-9
5 - -18 - (-6 + -11 + 22)
18
-24 - (7 + 13 - 29)
-15
7 + -9 + -9 + -5 - (-7 - -2)
-11
What is -24 - (-18 + 15 + -18)?
-3
(-2 - 0 - (-14 - -17)) + 3 + -4
-6
Calculate (3 - (-1 + 9 + -18)) + -1.
12
What is (80 - 84) + (-16 - -48) + 1 + -6?
23
Calculate -10 + -23 + 38 - 23.
-18
What is the value of -9 + (6 - (10 - 8)) - -6?
1
Evaluate 12 + (-19 - (-19 + 9)) + -4.
-1
Evaluate 16 + 3 + 20 + -25.
14
What is the value of (9 - 1) + (-32 - -24) + -4 + 4?
0
Calculate -2 - (1 + -8 + (-25 - -37)) - 7.
-14
What is the value of -3 + (-8 - -6) + -5 + (15 - 4)?
1
Evaluate 12 - (-17 + 13 + -1 + -11).
28
What is the value of (-9 - 3) + (9 - -20 - 17)?
0
What is 5 + (8 + 5 - 8) + -8 + -14?
-12
What is -31 - -33 - (10 + (4 - 1 - 2))?
-9
-13 + -32 + 42 - ((-9 - 1) + -1)
8
Evaluate (-26 + 33 - -2) + (1 - -4).
14
What is the value of 12 - (67 + -44) - -14?
3
What is the value of -3 + (-7 - ((4 - 7) + -31)) - -2?
26
Evaluate -155 + 121 - (1 + -59).
24
-137 - -134 - (-2 + 1)
-2
What is -28 + (32 - 21) - -21 - (1 + -1)?
4
Evaluate -4 - (10 - 28) - -4.
18
What is -44 + (40 - 8) + -13?
-25
What is 22 + 7 - 7 - 15 - (1 + 35)?
-29
What is (-4 - (0 - 0)) + -2 + (-3 - -1)?
-8
282 - 293 - (-5 - -1)
-7
What is (-189 - -198) + (0 - 2) - 18?
-11
-5 + 17 + 6 + 8 + -6 + 3
23
What is the value of 5 + 0 + -4 + -8 + 10 + 7?
10
What is the value of 17 + 1 - (-24 - -24 - 26 - -14)?
30
Calculate 2 - (-2 - -1) - 2 - (-297 - -305).
-7
What is (-4 + 8 - -3) + (-14 - -10) + -19?
-16
What is the value of 11 - (7 + 7 + -26 + -8 + 11)?
20
What is the value of -11 - (6 + (-10 - 25))?
18
Calculate (-184 - -181) + (-20 - 0).
-23
What is the value of -17 - (-20 - -61 - 18)?
-40
Evaluate -29 - -32 - 20 - (-4 - -2).
-15
What is the value of -14 + 10 + 1 + (2 - (2 - 1))?
-2
What is the value of 3 + 3 + -8 + 4 + 24?
26
What is -28 + 9 + 37 + -39?
-21
Calculate (12 - -9 - 17) + 4 - (3 + 0).
5
Evaluate -10 + 4 - 7 - -26.
13
Calculate (-13 - (3 - 0)) + (172 - 153).
3
What is 24 + (-26 - (31 + -66))?
33
-20 + 26 + -23 + (15 - 2)
-4
What is the value of 3 + (-13 + 24 - 2)?
12
What is the value of 15 - (7 + -1 + (-19 - -12 - -5))?
11
-13 - (18 + -6 + 2 + -13)
-14
Calculate -5 + (-4 - -11) + -7 + 3.
-2
What is the value of -6 - (13 - (13 + -3 + 5))?
-4
What is 8 - ((-5 - -7) + (3 - (4 + -5)))?
2
-9 - 3 - (-5 + 17)
-24
What is the value of (2 - (-27 - -40)) + 23?
12
Calculate 16 + (26 - 12 - 20) - -15.
25
-4 - -5 - (20 - 13) - -14
8
What is the value of -5 - (-3 - -12 - 20)?
6
Calculate -1 - 4 - ((-24 - -4) + 46 + -27).
-4
What is -12 + (24 - -8) - (-14 + 20)?
14
Evaluate -2 + -11 + (8 + 0 - (-62 + 60)).
-3
What is (1 - (-3 - 1)) + -1 + -3?
1
What is the value of 10 - 1 - (30 + (-11 - 16))?
6
6 + -5 + (36 - 24)
13
Calculate (6 + 6 - 1) + -1 + (9 - 10).
9
What is the value of 6 - ((1 - -1) + 0 - -8)?
-4
Evaluate 1 - (8 + (-1 + 9 - (-19 - -22))).
-12
What is -20 + 4 + 14 + 14 - (-2 - -2)?
12
Evaluate 277 + -275 - (-4 + 1 + 6).
-1
Calculate 5 + 21 + -9 + (-6 - -5).
16
What is the value of 6 + -1 - -3 - (-5 - -18)?
-5
Calculate 5 - (-35 - -30) - 21.
-11
Evaluate 2 - (3 + 2 - (0 + -3)).
-6
What is the value of 2 + (-5 - (7 + 4)) - 6?
-20
Evaluate 8 + (16 - 5) + -12.
7
Calculate -65 + 45 - (-3 + -1).
-16
(-6 - (-1 + 1)) + (-10 - -36 - 21)
-1
Evaluate 91 - 89 - (0 - 0 - (0 - 0)).
2
Evaluate 0 + -2 + 3 + (-12 - -2).
-9
Evaluate 1 - -9 - ((38 - 17) + -18).
7
Calculate -3 + -11 + 15 + 8.
9
What is the value of 11 + -6 + -5 + -16?
-16
Calculate -15 - (11 + 1 - (-45 + 55)).
-17
Evaluate (-12 - (-30 - -25)) + -5 + 1.
-11
Calculate -81 - (-6 + -61) - (1 + -9).
-6
What is the value of -2 + 5 + 4 + -8 + 3?
2
Calculate 21 + (-5 + -32 - -26).
10
What is the value of -148 + 150 - (4 - (2 - -21))?
21
What is 0 + (13 - 10) + -7?
-4
Evaluate -1 + (-16 - (-17 + (-2 - -14))).
-12
14 + (109 - 84 - (0 - -17))
22
What is the value of 9 - 14 - (-2 + 2 + 2 - -7)?
-14
Evaluate 6 + -10 + (3 - (-14 + 25)).
-12
What is the value of 85 - 75 - (18 + 1)?
-9
-21 + (16 - (17 + 0) - -9)
-13
Calculate -96 - -63 - (3 + -25).
-11
What is the value of (8 - (11 - 11)) + 3?
11
Calculate -10 + (30 - (0 + -4)) - 5.
19
-8 - ((-25 - -1) + (32 - (45 - 6)))
23
(10 - -22) + (-24 - 18)
-10
Calculate -15 + (0 + 10 - (-137 - -147)).
-15
What is the value of -5 + (9 - 11) - (-12 + -1)?
6
What is the value of 4 + (-88 - -44 - (-8 + -2)) - -3?
-27
(2 - 7) + (-1 - -3) + 102 + -90
9
Calculate 3 - ((3 + -4 - -24) + 0 + -2).
-18
Calculate (-3 - -1 - (-4 + 2)) + -3 - 3.
-6
What is 12 - 18 - (5 + -19 + -5 + 3)?
10
(4 - 27) + (3 - -9)
-11
What is -10 - (-14 - (-12 + (5 - 14)))?
-17
Evaluate 7 + 0 + -113 + 95.
-11
What is the value of (27 - 9) + -10 + -1?
7
Evaluate -16 + 3 + 0 + 1 - (-122 + 127).
-17
Calculate (-6 - (30 - 64)) + (-2 - -6 - 10).
22
Evaluate -50 - (-41 - 17) - (-2 - -13).
-3
Evaluate 2 - 6 - (8 + (11 - (9 - -25))).
11
What is the value of (-14 - -7) + 1 + 3 + 3 + 23?
23
What is -1 + (-11 + (-4 - -6) - -2) + 4?
-4
Evaluate 41 + -10 + -27 + 7.
11
Calculate -4 - ((3 - -2) + -24 + 15) - 0.
0
Evaluate -433 + 455 + (-1 - -8 - 1).
28
Evaluate 0 + -1 + -23 + 23.
-1
What is (5 - ((-5 - -2) + -4)) + -5 - 25?
-18
Calculate -3 + ((-4 - (6 + 2)) + 8 - 2).
-9
What is -42 + 45 + (-51 - -23)?
-25
Evaluate 3 + 4 + -10 + -4.
-7
What is (0 - 41) + 1199 + -1190?
-32
What is 0 - 6 - (-47 - -22 - -25) - 8?
-14
Calculate (70 - (3 + 7)) + -36.
24
What is -5 + (-32 - -36) + (-1 - 1)?
-3
What is -1 + -14 + (21 - 15) + (-10 - -10)?
-9
Calculate 5 - (-2 - (7 - (0 - -20))).
-6
(-1 - -3) + (2 - -10 - (2 - -3))
9
What is -2 + -3 - (0 + -6 + 4)?
-3
Evaluate -1 + 0 - (4 - 11) - 9.
-3
What is -9 + (-3 + 8 - 2) + -6?
-12
What is the value of -3 + -9 + 4 + -4 + -1 + 2?
-11
Calculate 8 + (-1 + -8 - (-76 - -60)).
15
What is the value of -10 + 1 - (16 - (18 - 18) - 10)?
-15
Calculate 0 + -20 - (-3 - 8).
-9
Calculate -64 + 38 - (4 - 50).
20
What is 9 + -1 - (15 + -5 + -6)?
4
What is the value of (-15 - (-1 - 8)) + 9?
3
What is the value of (-11 - (7 - (8 - -1))) + -10?
-19
What is the value of (10 - 20) + (12 - 23 - -9)?
-12
What is 2 + -22 - (-42 - (8 + 10))?
40
-3 + 1 - (20 + -44 + 11)
11
What is the value of 5 - (-16 + 25 + -18)?
14
Evaluate (7 - -18) + -12 + 1 + -2 